+ 48*h + 2653. Determine u(-13).
1
Let z(j) = 118528*j - 1659430. Calculate z(14).
-38
Let g(w) = 10516*w + 20171. Calculate g(-2).
-861
Let j(y) = 2*y**3 - 25*y**2 - 2736*y - 1215. What is j(-31)?
-6
Let w(y) = 2*y**2 - 106341*y + 2232268. Determine w(21).
-11
Let d(c) = -195*c**2 + 627*c - 285. Determine d(3).
-159
Let u(f) = 7*f**2 + 3370*f - 10073. Give u(3).
100
Let m(s) = 2453*s**2 + 19583*s - 327. Calculate m(-8).
1
Let n(a) = -a**3 + 61*a**2 - 591*a + 106. What is n(13)?
535
Let t(f) = -730*f**2 + 21153*f + 23. What is t(29)?
-470
Let c(u) = -1270*u + 2961. Determine c(3).
-849
Let j(g) = 697*g + 2473. Determine j(-6).
-1709
Let r(m) = -102*m**3 - 205*m**2 + 76*m + 151. Determine r(-2).
-5
Let y(d) = -655211*d + 9172901. Determine y(14).
-53
Let j(k) = -752*k + 4428. Calculate j(6).
-84
Let t(z) = -8*z**2 + 8000*z - 23882. Determine t(997).
46
Let m(u) = u**3 - 97*u**2 - 714*u + 60. Give m(-7).
-38
Let d(r) = 74282*r - 370688. Give d(5).
722
Let c(n) = -6*n**3 - 76*n**2 + 200*n - 23. What is c(3)?
-269
Let k(i) = -4*i**2 + 103*i - 1328. What is k(12)?
-668
Let u(n) = -5*n**2 - 164*n + 6. Give u(0).
6
Let n(w) = -1238*w - 60592. Determine n(-49).
70
Let f(l) = 3404*l**2 + 183817*l + 55. Determine f(-54).
1
Let l(t) = 93*t + 849. What is l(-9)?
12
Let l(i) = i**3 - 220*i**2 + 1289*i - 1155. Calculate l(214).
-85
Let g(r) = 2303*r + 246402. Determine g(-107).
-19
Let a(b) = -91433*b - 640038. Calculate a(-7).
-7
Let x(h) = -70*h - 15557. What is x(-231)?
613
Let p(i) = 8*i**2 - 3178*i - 3179. What is p(-1)?
7
Let k(t) = -t**2 + 24822*t - 1213872. What is k(49)?
5
Let q(b) = b**3 - 35*b**2 - 1015*b - 1123. Calculate q(-18).
-25
Let j(l) = -95*l + 3037. Calculate j(31).
92
Let w(r) = -94757*r + 3600736. Calculate w(38).
-30
Let k(f) = 3*f**2 + 2147*f + 51802. Give k(-25).
2
Let b(r) = -r**3 - 30*r**2 - 438*r - 13087. Give b(-30).
53
Let d(s) = 2*s**3 + 745*s**2 - 51441*s - 14259. Determine d(-432).
-3
Let a(k) = 2*k**2 - 220*k + 4878. What is a(85)?
628
Let w(r) = -r**3 - 11*r**2 - 43*r - 382. Calculate w(-11).
91
Let j(z) = -608*z - 228826. Determine j(-376).
-218
Let a(q) = 1379433*q + 4138302. Give a(-3).
3
Let f(n) = 31*n**2 - 5042*n + 13109. Determine f(160).
-11
Let n(x) = 3*x**3 + 400*x**2 + 1569*x - 10. What is n(-4)?
-78
Let t(y) = -25594*y + 230349. Determine t(9).
3
Let w(z) = -54*z + 13936. What is w(255)?
166
Let j(p) = -56*p**2 + 493*p - 819. Give j(2).
-57
Let z(r) = 159*r + 22556. Give z(-142).
-22
Let j(t) = 3*t**2 + 1808*t + 12486. Determine j(-7).
-23
Let t(p) = -249*p - 144426. Determine t(-580).
-6
Let b(d) = -35217*d - 4472554. What is b(-127)?
5
Let j(x) = -x**3 - 457*x**2 + 890*x + 59. Give j(2).
3
Let k(v) = -23250*v + 116245. Calculate k(5).
-5
Let v(n) = -n**2 + 300*n + 67495. What is v(-150)?
-5
Let i(k) = -8*k**3 - 350*k**2 - 3431*k - 255. Give i(-29).
6
Let a(v) = -4393*v + 35243. What is a(8)?
99
Let k(u) = u**3 + 5*u**2 + 113*u - 95. Calculate k(-13).
-2916
Let c(m) = -67*m**2 - 51384*m + 51382. Give c(1).
-69
Let z(i) = 3*i**3 - 158*i**2 + 764*i - 25. What is z(5)?
220
Let c(j) = 14718*j**2 + 14556103*j + 978. Determine c(-989).
-11
Let y(b) = -4*b**3 + 394*b**2 - 164*b - 3096. Determine y(98).
40
Let k(n) = -32048*n - 32026. Determine k(-1).
22
Let f(g) = g**2 - 16*g - 680. What is f(-20)?
40
Let z(f) = 2*f**3 + 1141*f**2 + 76410*f - 2463. What is z(-493)?
2
Let d(x) = -17*x**2 + 3866*x - 20426. Give d(222).
-2
Let u(f) = -58327*f - 2449744. Give u(-42).
-10
Let c(m) = -m**2 - 344*m + 4189. Determine c(12).
-83
Let w(s) = -13149*s + 276145. Determine w(21).
16
Let r(m) = -2133*m + 605755. Calculate r(284).
-17
Let o(p) = 2*p**2 + 603*p - 15615. Calculate o(24).
9
Let u(i) = -7078*i - 3270033. Give u(-462).
3
Let f(x) = -3*x**2 - 296*x + 5251. Determine f(-114).
7
Let h(b) = 7385*b - 88567. Calculate h(12).
53
Let m(s) = 4*s**2 - 878*s + 19787. What is m(194)?
-1
Let t(d) = d**2 - 1232*d + 377285. What is t(658)?
-407
Let q(x) = x**3 - 11*x**2 - 2326*x - 18513. Determine q(-8).
-1121
Let u(i) = i**3 + 202*i**2 + 1478*i + 22009. What is u(-195)?
-26
Let g(z) = -173*z - 1050. What is g(-6)?
-12
Let v(o) = -6*o**2 - 753*o - 7040. Give v(-115).
205
Let g(b) = 480*b + 68647. Calculate g(-143).
7
Let r(y) = -76*y - 4348. Calculate r(-50).
-548
Let k(l) = 90*l**2 - 166*l - 28. Determine k(2).
0
Let h(u) = -2*u**3 - 496*u**2 + 4639*u + 3997. Give h(-257).
656
Let k(z) = 402*z**2 - 2439*z + 155. Determine k(6).
-7
Let c(x) = -x**2 - 17*x - 11. What is c(-21)?
-95
Let h(w) = 2*w**3 - 8*w**2 + 35050*w - 210326. Give h(6).
118
Let z(p) = 3*p**3 + 77*p**2 + 332*p - 51. Determine z(-6).
81
Let n(v) = -1093*v - 2254. Give n(-2).
-68
Let x(v) = -257*v + 21598. Determine x(84).
10
Let d(t) = 9*t**3 + 146*t**2 - 100*t - 137. Calculate d(-16).
1975
Let o(t) = -3004*t - 41475. Calculate o(-14).
581
Let n(d) = -d**3 - 175*d + 781. Calculate n(4).
17
Let s(w) = -1749*w + 7070. Determine s(3).
1823
Let i(x) = -3*x**2 - 30*x + 409. What is i(-14)?
241
Let d(u) = -560*u**3 + 1120*u**2 - 9*u + 13. What is d(2)?
-5
Let y(b) = 4*b**2 - 1296*b - 13362. Determine y(-10).
-2
Let m(s) = -s**3 - 6*s**2 + 137*s + 1649. Determine m(-15).
1619
Let w(o) = -12686*o + 63378. What is w(5)?
-52
Let z(c) = -622*c - 7029. Calculate z(-11).
-187
Let s(z) = z**3 - 226*z**2 - 3617*z - 13. Calculate s(-15).
17
Let n(z) = z**3 - 477*z**2 + 46*z - 21133. Determine n(477).
809
Let f(k) = -496*k - 32369. Calculate f(-55).
-5089
Let s(b) = -14*b**3 - 642*b**2 + 71*b - 900. Give s(-46).
66
Let j(l) = -l**3 + 13*l**2 - 94*l + 505. Give j(11).
-287
Let f(o) = 8*o**3 + 13*o**2 - 27*o - 12. Give f(-4).
-208
Let n(i) = -31*i**2 - 215*i + 586. Determine n(7).
-2438
Let s(c) = 959*c - 1922. Determine s(2).
-4
Let w(c) = 259328*c + 518655. Give w(-2).
-1
Let h(x) = -5699*x + 130866. Calculate h(23).
-211
Let i(t) = 2627*t - 231159. Calculate i(88).
17
Let y(n) = n**3 - 45*n**2 - 1875*n + 2055. Calculate y(71).
-4
Let o(b) = 985*b**2 + 42335*b - 867. Calculate o(-43).
-7
Let b(a) = 2*a**2 - 202*a - 665. Calculate b(104).
-41
Let d(m) = 2*m**3 - 51*m**2 - 15*m - 536. Give d(26).
-250
Let g(o) = 3*o**3 + 23*o**2 - 2*o + 21. Give g(-7).
133
Let q(t) = -2*t**3 + 21*t**2 + 22736*t + 4. What is q(112)?
4
Let u(v) = -v**2 - 6098*v + 42754. What is u(7)?
19
Let a(r) = -r**3 + 2*r**2 + 149*r - 584. Give a(9).
190
Let n(l) = l**2 + 117320*l - 821297. Give n(7).
-8
Let n(g) = -12752*g + 892693. Calculate n(70).
53
Let z(l) = l**3 + 81*l**2 - 321*l + 9191. Determine z(-86).
-183
Let q(k) = -3*k**2 + 236*k + 16309. Give q(124).
-555
Let x(g) = -544*g - 8057. Calculate x(-16).
647
Let w(p) = -92*p**2 + 3150*p + 3154. What is w(-1)?
-88
Let f(q) = 2*q**3 - q**2 - 28*q - 111. Give f(5).
-26
Let c(p) = -p**3 - 8*p**2 - 31*p - 547. Determine c(-10).
-37
Let u(x) = -x**3 - 78*x**2 - 884*x - 18147. Give u(-69).
0
Let y(k) = 53*k**2 + 2576*k + 18888. Determine y(-9).
-3
Let u(i) = 1665*i - 1092302. What is u(656)?
-62
Let b(z) = -2*z**3 - 17*z**2 + 14*z - 33. Give b(-14).
1927
Let s(w) = w**2 + 113161*w + 565856. Calculate s(-5).
76
Let s(i) = -296908*i - 593802. Determine s(-2).
14
Let r(h) = h**3 - h**2 - 298*h + 23. Give r(-16).
439
Let w(p) = p**2 - 1049*p - 7418. Calculate w(-7).
-26
Let p(c) = -14*c**2 - 3676*c + 1616. Determine p(-263).
38
Let r(j) = 36*j**2 + 470*j - 1937. Determine r(4).
519
Let c(g) = 2*g**2 + 1196*g + 163239. Determine c(-387).
-75
Let s(q) = -11*q**2 + 344*q - 826. Determine s(28).
182
Let d(u) = -9*u**2 + 183*u + 321. Determine d(25).
-729
Let t(k) = -k**3 - 148*k**2 - 171*k - 4148. Give t(-147).
-620
Let w(t) = 130*t**2 - 3620*t - 545. Determine w(28).
15
Let s(r) = -1786*r - 182191. Calculate s(-102).
-19
Let n(o) = -12*o**3 + 15*o**2 - 13*o + 17. Give n(1).
7
Let z(b) = 10698*b - 74317. What is z(7)?
569
Let u(g) = -684*g - 84428. Calculate u(-125).
1072
Let f(m) = -239*m**2 - 1013*m - 197. Calculate f(-4).
31
Let c(l) = -15347*l - 429702. Give c(-28).
14
Let a(k) = -7*k + 681. What is a(-62)?
1115
Let g(j) = -21*j**2 - 152*j + 55. Determine g(-12).
-1145
Let l(d) = 5*d**3 - 14*d**2 - 1006*d - 777. What is l(16)?
23
Let a(b) = -458*b**2 + 59*b + 4. Give a(1).
-395
Let q(g) = -63*g**2 - 108*g - 112. What is q(-1)?
-67
Let r(z) = -4821*z - 245876. Determ